 a = -10. Let u(y) = y**3 + 7*y**2 + 7*y - 1. Give u(z).
14
Suppose -275*j + 2295 = 184*j. Let t(o) = 5*o + 2. Calculate t(j).
27
Suppose 9*g = 185*g + 704. Let l(p) = 7*p + 4. Give l(g).
-24
Let l(u) = -u**3 - 14*u**2 - 10*u + 44. Suppose 1042*v = 3*h + 1045*v + 21, 6 = v. Calculate l(h).
5
Let c(b) = -b**3 + 14*b**2 + 17*b - 22. Suppose -12*a + 13*a + 351 = 0. Let o = a + 366. Calculate c(o).
8
Let f(q) be the third derivative of q**7/280 + q**6/180 + q**5/120 + 155*q**3/6 - 6*q**2 - 20. Let w(o) be the first derivative of f(o). What is w(-1)?
-2
Let z(o) = 185*o + 3 - 367*o + 177*o - 11. Give z(-7).
27
Let j(y) = -4 + 13*y**2 - 2*y - 7*y**2 - 5 + 10. Calculate j(1).
5
Let a(s) = -3*s**2 + 26 + 33 - 68 + 8*s + 0*s**2 + 15. Determine a(3).
3
Let s(b) = 12*b**3 + b**2 - b. Suppose -3*v + 255 = -5*y, 5*y = y + 5*v - 191. Let n = y + 55. Determine s(n).
12
Let y(k) be the third derivative of -k**6/120 + k**5/60 + k**4/8 - k**3/2 + 2*k**2 - 3*k. Let r be -16*(1 + -5 - -3). Let q be -3*(2 + r/(-6)). Calculate y(q).
-1
Let c(t) = -t**2 - 23*t + 20. Let k = -74 - -67. Let w(d) = 8*d - 7. Let n(u) = k*w(u) - 2*c(u). Give n(6).
21
Let u be 4 + (3 - 7) - 4/6*-3. Let v be 3 - 0/(3 - 0). Let t(l) = l - v*l**2 - l**2 - 1 - 2*l**3 + 2*l**2. Calculate t(u).
-23
Let k(f) = 49*f + 8*f + 1 - 52*f. Suppose -5*z = -0*z - 2*p - 12, -z + 5*p = 16. Suppose 5*b - 1 = z. Calculate k(b).
6
Let g(y) = 3*y + 50. Suppose -51*l = -55*l - 5*p - 75, 9 = -l + 2*p. Determine g(l).
5
Let l(j) = 10 + 12443*j - j**3 + 63*j**2 - 12437*j - 25*j**2 - 31*j**2. Suppose 5*m = 8 + 32. Calculate l(m).
-6
Let y(a) = a**2 - 5*a + 18. Let q(h) = 7*h**3 + 78*h**2 + 18*h + 86. Let k be q(-11). Give y(k).
54
Let p be (-12)/10 - -116*9/(-180). Let f(j) be the first derivative of j**4/4 + 7*j**3/3 + 9*j**2/2 + 8*j - 31. What is f(p)?
-55
Suppose 0 = -40*c + 296 - 802 - 654. Let v(s) = -s**3 - 30*s**2 - 27*s + 58. Determine v(c).
0
Let z = -131 + 217. Let t = -88 + z. Let y(u) be the first derivative of 2*u**3/3 - u**2 + u - 1. What is y(t)?
13
Let f(n) = 2. Let x(u) be the first derivative of u**2/2 - 3*u + 45. Let z(a) = 4*f(a) + x(a). Give z(-5).
0
Let f(c) be the second derivative of -c**3/6 - 19*c**2/2 - c + 38. Calculate f(-17).
-2
Suppose -3*z = x - 17, -5*x - z = z - 20. Let k(n) = -n - 190*n**2 + 191*n**2 + x*n. What is k(-2)?
2
Let w(f) = -f**2 + 7*f - 15. Let y(b) = 5*b**2 + 167*b + 226. Let a be y(-32). Give w(a).
-5
Suppose -25*v - 59 - 66 = 0. Let c(b) = -4*b**3 - 4*b**2 - 10*b - 18. Let i(w) = -3*w**3 - 3*w**2 - 8*w - 17. Let a(x) = v*i(x) + 4*c(x). Calculate a(0).
13
Let t(w) = -120*w - 56*w**2 + 115*w + 62*w**2 + w**3. Let a(c) = -2*c**3 - 11*c**2 + 10*c - 2. Let l(s) = 3*a(s) + 5*t(s). Give l(-5).
19
Let p(u) = -7*u**2 + 14*u**2 + 12*u**2 - 6*u**2. Suppose 3*f = -2*h - 15, 76*f + 4*h + 34 = 74*f. Calculate p(f).
13
Let c(p) = -3*p**2 - 271*p - 87. Let l be c(-90). Let g(y) = 3*y**3 + 4*y**2 - y - 4. Determine g(l).
110
Let a(x) = x**3 - 9*x**2 + 6*x - 10. Let r(c) = -2*c**3 + 19*c**2 - 11*c + 20. Let i(g) = 5*a(g) + 2*r(g). Let j(f) = -4*f - 286. Let h be j(-73). Give i(h).
2
Let x(j) = 6*j**2 - 19*j + 66. Let o(n) = -n**2 + 4*n - 13. Let t(v) = -11*o(v) - 2*x(v). Suppose -2*b - 13 = -m, -5*b - 20 = m + 23. Give t(b).
-5
Suppose 4*l - 3*s - 20 = -35, -10 = 5*l + 5*s. Let i(b) = -9*b**2 - 10*b - 13. Calculate i(l).
-64
Let t(m) be the third derivative of m**5/60 + m**4/6 + m**3/6 - 2*m**2. Suppose -2*v - 3*w - 9 = -0*v, -5*v - 5*w = 10. Suppose -v*q = 2*q + 25. Calculate t(q).
6
Suppose -206*u + 1512 = -2367 - 35. Let i(k) = 5*k - 46. Calculate i(u).
49
Let z be (8/44)/(15/(-330)). Let n(m) = -m**3 - 7*m**2 - 9*m + 8. Determine n(z).
-4
Let c(d) = -111*d**2 - 9*d - 106*d**2 - 105*d**2 + d**3 - 2 - 11 + 332*d**2. Determine c(-9).
149
Let p(k) be the first derivative of k**4/4 + 11*k**3/3 + 2*k**2 - 22*k - 5642. What is p(-10)?
38
Let b(i) be the first derivative of 86 - 1/3*i**3 - 1/4*i**4 + 2*i**2 - i. Suppose 0 = 2*l - 5*l - 9. Determine b(l).
5
Let g(j) = 3*j + 19. Let q be 345/(-27) + (-8)/18*(-78)/(-156). What is g(q)?
-20
Let c(r) = -r. Let v(m) = -145*m + 124*m + 4 + 6 - 14*m**2. Let q(a) = 2*c(a) - v(a). Let z(n) = -5*n**2 - 6*n + 3. Let j(f) = 4*q(f) + 11*z(f). What is j(-10)?
-7
Let v(q) = -5*q**3 + 11*q**2 - 32*q + 14. Let k(b) = -9*b**3 + 23*b**2 - 63*b + 28. Let s(p) = 4*k(p) - 7*v(p). Give s(13).
-12
Let f(b) = 14*b - 82. Let o = -2547 - -2553. What is f(o)?
2
Let q(t) = -4*t**2 - 2*t + 5. Let n(b) = 11*b**2 + 7*b - 15. Let g(z) = 3*n(z) + 8*q(z). Let x = -11142 - -11136. Determine g(x).
1
Let o(t) = 5 - 4*t + 3*t + 5. Let u be 0 + 6/2 + (-8 - 100). Let r = u + 112. What is o(r)?
3
Let b(k) = 62*k**2 - 26*k - 5. Let a(m) = -90*m**2 + 38*m + 7. Let c(x) = 11*a(x) + 16*b(x). Suppose 3*d = -2*i + 10, 5*i + 3*d = 4*i + 8. Determine c(i).
9
Let b(n) = -n**2 - 52*n + 36*n - 22 + 5*n + 18. Let x = -24 + 13. Calculate b(x).
-4
Let u(o) = 2*o**2 + 4*o - 6. Let g be u(-4). Let z(m) = 0*m + 10 + m - 11 + 10 - 12*m + m**2. Give z(g).
-1
Let f(m) = m + 6. Let v(t) = -t**3 + 6*t**2 + 6*t + 8. Let n be v(7). Let l(u) = -5*u**3 - u + 1. Let a be l(n). Give f(a).
1
Let j(u) = 2*u**3 + 4*u**3 + 13*u**2 - 10 - 7*u - 2*u - 5*u**2 - 5*u**3. Calculate j(-9).
-10
Let s(j) = 301 + 3*j + 2*j**2 + 299 - 606. What is s(0)?
-6
Let d(l) = l**2 - 14*l. Let o(n) = n**2 - 15*n. Let b(h) = 7*d(h) - 6*o(h). Suppose -4*r = -4*q + 8, q - r = 4*r - 18. Give b(q).
-7
Let q(j) be the second derivative of j**3/3 + 7*j**2/2 + 2*j + 476. Let m = 14 - 8. Give q(m).
19
Let z(p) = 2*p**2 + 37*p - 58. Let o(w) = w**2 + 20*w - 30. Let r(m) = 5*o(m) - 3*z(m). Give r(-11).
24
Let g(l) = 39*l + 206. Let w be g(-5). Let f(d) = -d**2 + 13*d - 2. Calculate f(w).
20
Let d = -189 + 184. Suppose 4*l + 6*w = 2*w + 28, -l - 3*w = 3. Let m(j) = 10*j - 2. Let z(g) = 4*g - 1. Let o(k) = d*m(k) + l*z(k). Give o(-3).
4
Suppose 2*z = 1 - 5. Let s(n) be the third derivative of -5*n**4/24 + n**3/6 + 57*n**2 - 14*n - 2. Determine s(z).
11
Let l be 8*((-12)/3)/(-8). Suppose 4*s + 2*d + 34 = 2, 8 = -4*s + l*d. Let g(n) = -n**3 - 5*n**2 + 6*n + 2. Calculate g(s).
2
Let g = -14714 + 14706. Let k(y) = 2*y**3 + 17*y**2 + 15*y + 26. Determine k(g).
-30
Let l be -8*(-7)/28 + -19 + 23. Let m(s) = 1 - 6*s**2 + s**3 + 0*s**3 + 3. Determine m(l).
4
Let t(r) = -r**3 + 10*r**2 + 6*r - 13. Let q(a) = 2*a. Let x(d) = 13*q(d) - t(d). Calculate x(7).
6
Let p(j) = -54*j + 175. Let u(c) = 215*c - 741. Let w(i) = -15*p(i) - 4*u(i). Calculate w(7).
-11
Let m(c) = 2*c**2 + 13*c - 5. Let x be m(-7). Let h(p) = 1 - 1066*p**2 + 0 + 530*p**x + 546*p**2 - 2*p. Give h(1).
9
Suppose -z = 24 - 43. Let h(s) = -10*s + z*s + 2*s - 4 - 13*s. Let b be 1/(-2)*14/1. What is h(b)?
10
Let b(y) be the third derivative of 0 - 1/12*y**4 - 7*y + y**2 - 7/6*y**3. Suppose -5*r + 28 = -3*n, 5*n - r = 3*r - 38. Give b(n).
5
Let y(c) = -9*c + 8*c + 5*c - 16 - 21*c + 2*c**2. Determine y(11).
39
Suppose 23 = 2*k - 5*z, 2*k - 7*k - 2*z + 14 = 0. Suppose -k*r = -12*r + 32. Let h(s) = -2*s + 3. Determine h(r).
-5
Let t be (2/(-2))/(-1)*(20 + 0). Let b = t + -17. Suppose -2*n + 3*q = -b - 8, 23 = n - 5*q. Let r(m) = -4*m. Give r(n).
8
Let h(p) = -2*p**2 + 21*p - 48. Let n be h(8). Let g = 10 + n. Let x(m) = -12*m - 1. What is x(g)?
-25
Let h(s) = -s**3 + 19*s**2 - 35*s + 22. Let n be (20/(-14) - -2) + (-49910)/(-3038). Determine h(n).
5
Let a(c) be the third derivative of -c**4/12 - c**3/6 + 2*c**2. Suppose l - 9 = -19 + 13. Give a(l).
-7
Let q(j) = 2*j**3 - 58*j**2 - 61*j + 37. Let a be q(30). Suppose -8*r + a*r + 5 = 3*t, 5*r + 55 = t. Let w(u) = -u + 3. Calculate w(r).
13
Let f(s) = -s + 2. Let q(d) = -d**2 - 19*d - 60. Let a be q(-19). Let r = 54 + a. What is f(r)?
8
Let t(q) = -2*q**3 + 26*q**2 + q - 18. Let g(s) = s**2 + 4*s - 19. Let p be g(4). Let k be t(p). Let j(y) = 2*y + 11. Determine j(k).
1
Let l(d) = -5*d - 21. Let n be (-45)/(-9) + -9 - 21. Let h(j) = -j**2 - 33*j - 205. Let a be h(n). Give l(a).
4
Let r(l) = 8*l - 1. Let s(w) = w**3 + 19*w**2 + 5*w + 42. Let k be s(-19). Let n = 55 + k. Let b be 7/49*n + (-10)/(-14). Calculate r(b).
7
Let b(u) = 81*u + 657*u**2 + 1 - 70*u - 656*u**2. What is b(-11)?
1
Let o(y) be the third derivative of 0*y + 0 + 1/3*y**4 - 143*y*